of 1154163437?
False
Is 20 a factor of 52765880?
True
Is 81737814 a multiple of 6?
True
Does 140 divide 29572264?
False
Is 1506 a factor of 769739350?
False
Is 195 a factor of 541399797?
False
Does 211 divide 2275046113?
False
Is 4 a factor of 9725554?
False
Is 44699363 a multiple of 29?
False
Is 90663892 a multiple of 91?
False
Is 2204470818 a multiple of 5153?
False
Does 44 divide 72988476?
True
Is 150995654 a multiple of 278?
False
Is 657 a factor of 5819555?
False
Is 24 a factor of 36491033?
False
Is 28499919 a multiple of 8?
False
Does 11 divide 36736768?
False
Does 3640 divide 442026998?
False
Does 273 divide 62379873?
False
Is 1763984626 a multiple of 60?
False
Is 1996 a factor of 95796024?
True
Is 18 a factor of 35362314?
True
Is 18 a factor of 38378556?
True
Is 246 a factor of 304753164?
True
Is 873 a factor of 279686155?
False
Is 17 a factor of 113270932?
True
Is 129657633 a multiple of 59?
True
Is 27055360 a multiple of 40?
True
Is 8668868 a multiple of 188?
True
Is 1634160352 a multiple of 271?
True
Does 13 divide 705879168?
False
Is 26342082 a multiple of 843?
False
Does 32 divide 40494282?
False
Is 6 a factor of 1274878?
False
Is 13 a factor of 78912464?
False
Is 3 a factor of 2510449?
False
Does 98 divide 6329361?
False
Is 413948370 a multiple of 59?
False
Is 582 a factor of 1993808128?
False
Is 2404861368 a multiple of 14?
True
Does 504 divide 85854957?
False
Is 172051514 a multiple of 212?
False
Is 183052724 a multiple of 479?
True
Does 3 divide 25747551?
True
Is 7444032 a multiple of 16?
True
Does 14 divide 33549089?
False
Does 3570 divide 30058624?
False
Is 75016681 a multiple of 9?
False
Is 222 a factor of 1388616092?
False
Is 552161932 a multiple of 7306?
False
Is 8257461 a multiple of 2703?
False
Is 81988990 a multiple of 190?
True
Does 6920 divide 208236640?
True
Does 810 divide 298064610?
True
Is 3456271 a multiple of 13?
True
Does 2430 divide 35576306?
False
Is 121 a factor of 1085599754?
False
Is 24 a factor of 1124693?
False
Is 296688470 a multiple of 130?
True
Is 104 a factor of 21169200?
True
Is 20035578 a multiple of 58?
True
Is 12679920 a multiple of 55?
True
Is 315 a factor of 8273160?
True
Does 4015 divide 1487918313?
False
Is 3119 a factor of 511226928?
False
Is 81 a factor of 87544141?
False
Is 16 a factor of 25173102?
False
Is 95673505 a multiple of 1375?
False
Is 65 a factor of 12699339?
False
Is 14 a factor of 12216068?
False
Does 23 divide 141974841?
False
Is 2441 a factor of 444933275?
True
Is 678815657 a multiple of 106?
False
Is 11 a factor of 27216852?
False
Is 1901 a factor of 1997464344?
True
Does 160 divide 204310550?
False
Does 293 divide 25880175?
False
Is 22929068 a multiple of 3?
False
Is 161 a factor of 85847454?
True
Does 488 divide 149301661?
False
Is 29 a factor of 39252850?
False
Is 291 a factor of 30426318?
False
Does 35 divide 10088750?
True
Is 892 a factor of 3980305998?
False
Is 2308 a factor of 813343816?
True
Does 6 divide 191197602?
True
Is 31 a factor of 141541505?
True
Is 140 a factor of 198057339?
False
Does 4830 divide 1455076140?
True
Does 596 divide 85873970?
False
Does 734 divide 4619269940?
False
Is 1242 a factor of 499300146?
True
Is 167 a factor of 33427221?
True
Is 22887843 a multiple of 68?
False
Does 476 divide 237154148?
True
Does 37 divide 14144703?
False
Does 24 divide 398035146?
False
Does 931 divide 9121938?
True
Does 10 divide 18500150?
True
Is 5853 a factor of 4174663956?
True
Does 3 divide 5501331?
True
Is 7 a factor of 424687148?
False
Does 737 divide 95496038?
True
Is 1394700202 a multiple of 14?
True
Does 137 divide 589835103?
False
Does 15 divide 182994705?
True
Is 57866316 a multiple of 24?
False
Does 1080 divide 30191226?
False
Does 67 divide 223262789?
False
Does 21 divide 1202922?
True
Is 195 a factor of 32252220?
True
Is 3897109 a multiple of 188?
False
Is 115 a factor of 41348825?
True
Is 15341488 a multiple of 16?
True
Is 286237 a multiple of 102?
False
Is 96 a factor of 7911167?
False
Is 396776032 a multiple of 1807?
False
Is 3288 a factor of 4962112386?
False
Is 148645770 a multiple of 10?
True
Is 11694323 a multiple of 279?
False
Does 1059 divide 20158065?
True
Does 28 divide 8305556?
True
Does 58 divide 930088?
True
Is 347776 a multiple of 104?
True
Does 27 divide 426058030?
False
Is 91175205 a multiple of 127?
True
Does 2748 divide 210104728?
False
Is 546 a factor of 479448387?
False
Is 47 a factor of 7723196414?
False
Is 81824672 a multiple of 20?
False
Does 1511 divide 857401840?
True
Is 2165 a factor of 28287855?
False
Does 43 divide 2963770174?
False
Is 59163712 a multiple of 380?
False
Is 52 a factor of 1999002408?
True
Is 19435269 a multiple of 60?
False
Is 745599576 a multiple of 894?
True
Does 159 divide 168532438?
False
Does 80 divide 25328400?
True
Is 4216 a factor of 229410010?
False
Is 351 a factor of 159119366?
False
Is 1710 a factor of 193027180?
False
Is 252683613 a multiple of 819?
True
Is 357 a factor of 3994981401?
False
Is 7887709 a multiple of 67?
True
Is 7 a factor of 49317975?
True
Is 11 a factor of 462046686?
False
Is 6136 a factor of 29264844?
False
Does 1522 divide 31958956?
True
Is 2062 a factor of 94156717?
False
Does 22 divide 22675950?
True
Does 1011 divide 164388600?
True
Is 4507 a factor of 728290710?
False
Does 54 divide 1109428002?
True
Does 432 divide 30924288?
True
Does 508 divide 224411032?
True
Does 3 divide 45315251?
False
Is 2044957516 a multiple of 28?
True
Does 9 divide 5296508397?
True
Does 27 divide 83748866?
False
Is 142431360 a multiple of 620?
True
Is 6970512 a multiple of 6?
True
Is 104 a factor of 36315656?
True
Is 536114608 a multiple of 74?
True
Is 1647438172 a multiple of 6589?
False
Is 47 a factor of 13029935?
False
Does 72 divide 29913264?
True
Is 257763669 a multiple of 2913?
False
Is 13299650 a multiple of 5?
True
Is 3202 a factor of 72095089?
False
Is 242 a factor of 2213957086?
True
Does 27 divide 12153915?
True
Is 8 a factor of 1798349440?
True
Does 27 divide 21345149?
False
Does 44 divide 907732551?
False
Is 3112 a factor of 352609594?
False
Does 1784 divide 2567734839?
False
Does 2894 divide 18552835?
False
Is 122952786 a multiple of 33?
True
Does 667 divide 331071453?
True
Is 116 a factor of 3700674?
False
Does 1761 divide 386002395?
True
Is 18 a factor of 9184899?
False
Is 38484781 a multiple of 25?
False
Is 35 a factor of 2092306647?
False
Is 9660355 a multiple of 16?
False
Is 109 a factor of 4117807?
False
Does 1375 divide 2648272881?
False
Does 148 divide 74375062?
False
Does 180 divide 1563794731?
False
Is 393 a factor of 561408575?
False
Does 73 divide 491005584?
False
Does 594 divide 141976692?
True
Is 7 a factor of 21667688?
True
Is 706425263 a multiple of 151?
True
Does 1255 divide 2184794?
False
Is 15 a factor of 112311060?
True
Is 253037070 a multiple of 15?
True
Is 4313 a factor of 1477586357?
True
Is 725094416 a multiple of 16?
True
Is 22 a factor of 823840533?
False
Is 114 a factor of 24013135?
False
Is 6766574 a multiple of 5?
False
Is 206 a factor of 1782102?
False
Is 74863559 a multiple of 499?
False
Is 17 a factor of 35535049?
True
Is 186 a factor of 279095494?
False
Is 31317880 a multiple of 109?
True
Does 877 divide 32010500?
True
Does 9 divide 20068020?
True
Does 381 divide 22518243?
True
Does 12121 divide 642800872?
True
Does 11 divide 10774451?
False
Does 733 divide 38478102?
True
Does 14 divide 25787860?
True
Is 117733895 a multiple of 13?
False
Is 193021213 a multiple of 77?
True
Is 1505227341 a multiple of 43?
True
Does 43 divide 1461511?
False
Is 4416 a factor of 2639421120?
True
Is 7098446 a multiple of 3?
False
Is 16303753 a multiple of 1312?
False
Is 4013 a factor of 2523635245?
True
Is 8 a factor of 422925366?
False
Does 4 divide 14252744?
True
Does 48 divide 3198192?
True
Is 1218 a factor of 39493650?
True
Is 499980229 a multiple of 6860?
False
Does 3469 divide 992557218?
True
Does 102 divide 16059748?
False
Is 8 a factor of 13833944?
True
Is 2777 a factor of 95787061?
True
Does 64 divide 1732873232?
False
Does 60 divide 360906564?
False
Is 2949093 a multiple of 6?
False
Is 860 a factor of 384391620?
True
Is 7 a factor of 8959712?
False
Is 2014728 a multiple of 24?
True
Is 828 a factor of 34748676?
True
Is 170 a factor of 178173770?
True
Does 252 div